visor of 6406802 and 109?
109
What is the greatest common divisor of 21 and 17571?
3
Calculate the greatest common divisor of 371 and 17861.
53
Calculate the greatest common factor of 982 and 208.
2
Calculate the greatest common divisor of 35359 and 304.
19
Calculate the greatest common factor of 1422 and 95432.
158
What is the greatest common divisor of 6648 and 2424?
24
What is the highest common factor of 1609600 and 896?
128
What is the highest common factor of 37394 and 1372?
14
Calculate the greatest common factor of 141 and 1291842.
141
Calculate the highest common divisor of 3 and 2129367.
3
Calculate the greatest common factor of 24 and 17139.
3
Calculate the greatest common factor of 16140 and 90.
30
What is the greatest common divisor of 210 and 4767?
21
Calculate the highest common divisor of 955 and 632783.
191
Calculate the greatest common factor of 16113 and 4182.
123
What is the greatest common factor of 48 and 8320?
16
Calculate the greatest common divisor of 1127 and 6463.
23
Calculate the greatest common divisor of 6875 and 1675.
25
What is the highest common divisor of 529993 and 745?
149
What is the highest common divisor of 1028 and 143920?
1028
What is the greatest common factor of 11914 and 368?
46
Calculate the greatest common divisor of 1372184 and 682.
682
What is the greatest common divisor of 90740 and 4160?
260
Calculate the highest common factor of 13360 and 48.
16
What is the greatest common divisor of 402 and 82678?
134
What is the highest common factor of 1516 and 2376?
4
What is the highest common divisor of 1036 and 333333?
259
Calculate the greatest common divisor of 2638328 and 770.
154
What is the greatest common factor of 15990 and 8710?
130
What is the highest common divisor of 201742 and 114?
38
What is the highest common divisor of 671587 and 518?
259
What is the greatest common divisor of 2501 and 1271?
41
Calculate the greatest common divisor of 177 and 9617.
59
Calculate the greatest common factor of 62331 and 474.
237
What is the greatest common divisor of 378789 and 372?
93
Calculate the greatest common divisor of 29072 and 816.
16
Calculate the highest common factor of 9330 and 5970.
30
Calculate the highest common divisor of 1770 and 12960.
30
Calculate the highest common factor of 1067 and 1331.
11
Calculate the highest common divisor of 218413 and 8268.
689
What is the highest common factor of 288143 and 86?
43
Calculate the highest common factor of 536 and 23249.
67
Calculate the highest common factor of 4108 and 115972.
316
What is the highest common divisor of 4698 and 12963?
87
What is the highest common factor of 9610 and 126480?
310
What is the greatest common divisor of 4859 and 13201?
43
Calculate the highest common divisor of 146250 and 780.
390
Calculate the greatest common divisor of 113 and 116503.
113
What is the highest common divisor of 79947 and 6251?
329
Calculate the greatest common divisor of 4 and 20210.
2
Calculate the highest common factor of 45 and 1252800.
45
Calculate the highest common factor of 497776 and 636.
212
Calculate the greatest common divisor of 361332 and 108.
36
Calculate the highest common factor of 826 and 574.
14
Calculate the highest common divisor of 2508 and 297132.
132
Calculate the highest common divisor of 1404 and 8892.
468
What is the highest common divisor of 1856 and 309082?
58
What is the greatest common factor of 1631150 and 950?
950
Calculate the greatest common factor of 130865 and 70.
35
Calculate the highest common divisor of 48862 and 22.
22
Calculate the highest common factor of 423272 and 1570.
314
Calculate the highest common factor of 284 and 8012.
4
Calculate the highest common factor of 2099412 and 1890.
378
What is the highest common divisor of 30 and 16026?
6
What is the highest common divisor of 128 and 92608?
64
Calculate the greatest common factor of 57393 and 126.
63
What is the greatest common factor of 876 and 1296188?
292
Calculate the highest common divisor of 5580 and 261.
9
What is the highest common factor of 7 and 558768?
7
Calculate the greatest common divisor of 210 and 17885.
35
Calculate the highest common divisor of 28736 and 80.
16
What is the highest common factor of 4427 and 30523?
233
What is the highest common factor of 15043 and 196?
49
What is the greatest common divisor of 209 and 196783?
19
What is the highest common factor of 19349 and 103781?
1759
Calculate the greatest common factor of 1748 and 34523.
437
What is the highest common divisor of 2318129 and 22?
11
Calculate the highest common divisor of 402 and 366423.
201
What is the highest common factor of 646 and 2090?
38
What is the greatest common factor of 1848785 and 215?
215
Calculate the highest common factor of 3900 and 208.
52
What is the greatest common factor of 128027 and 8?
1
Calculate the highest common factor of 132150 and 2100.
150
What is the highest common factor of 166067 and 682?
341
What is the greatest common divisor of 24 and 8656?
8
Calculate the highest common factor of 27 and 203193.
9
Calculate the greatest common factor of 18156 and 32028.
204
Calculate the greatest common divisor of 151867 and 1216.
19
Calculate the highest common divisor of 3638 and 7174.
34
Calculate the highest common divisor of 276930 and 30.
30
Calculate the highest common factor of 4014 and 342.
18
What is the greatest common divisor of 4 and 76107?
1
What is the highest common divisor of 7286 and 382?
2
What is the greatest common divisor of 522 and 2072601?
261
Calculate the highest common divisor of 73716 and 60.
12
Calculate the highest common factor of 2240 and 224.
224
What is the highest common factor of 23930 and 10?
10
What is the greatest common divisor of 30 and 4215030?
30
What is the greatest common factor of 3612 and 7784?
28
Calculate the highest common factor of 76 and 3164716.
76
What is the highest common divisor of 6902 and 70847?
203
Calculate the greatest common factor of 9073 and 1055.
211
What is the greatest common factor of 748 and 33796?
68
Calculate the highest common divisor of 403 and 247.
13
Calculate the greatest common divisor of 281253 and 708.
177
Calculate the greatest common factor of 6513 and 6061432.
2171
What is the greatest common factor of 29526 and 666?
222
Calculate the highest common factor of 68359 and 1735.
347
What is the greatest common factor of 32810 and 16598?
386
Calculate the greatest common divisor of 82932 and 12.
12
What is the greatest common factor of 24 and 12942?
6
What is the greatest common divisor of 2948 and 34793?
11
What is the highest common divisor of 272 and 438736?
272
What is the highest common factor of 437 and 7636?
23
What is the highest common divisor of 1263 and 994402?
421
What is the greatest common divisor of 430690 and 260?
130
What is the greatest common factor of 56 and 12248?
8
What is the highest common divisor of 296380 and 174?
58
Calculate the highest common factor of 3366 and 7089.
51
Calculate the highest common factor of 49266 and 1530.
306
Calculate the highest common divisor of 453 and 32.
1
Calculate the highest common factor of 64 and 117328.
16
Calculate the greatest common divisor of 52706 and 472967.
1387
Calculate the greatest common factor of 55878 and 3.
3
What is the greatest common factor of 26281 and 41?
41
What is the highest common factor of 8495 and 3365?
5
Calculate the highest common factor of 17031 and 3.
3
What is the greatest common divisor of 121 and 2827?
11
Calculate the greatest common factor of 37323 and 2552.
319
What is the greatest common divisor of 695 and 2085?
695
What is the greatest common divisor of 2672 and 8864?
16
What is the greatest common factor of 52 and 210912?
52
What is the greatest common divisor of 1314325 and 475?
475
Calculate the greatest common factor of 546 and 37219.
91
Calculate the greatest common factor of 9084 and 9048.
12
What is the highest common factor of 2556 and 828?
36
Calculate the greatest common divisor of 733655 and 26.
13
What is the highest common divisor of 10220 and 3796?
292
Calculate the highest common factor of 1028 and 176.
4
What is the highest common divisor of 180856 and 8177?
481
Calculate the greatest common divisor of 1700 and 76075.
425
What is the highest common divisor of